 is divided by ((-1 - t) + 4)*29?
26
Suppose -4*d = -187*b + 186*b - 35768, -3*d + 26841 = 3*b. What is the remainder when d is divided by 7?
4
Suppose 4*s - 2*r = -86, 0 = -3*s + 4*r - 70 + 3. Suppose 4*z + 17*z = 672. Let y = z + s. Calculate the remainder when 30 is divided by y.
8
Suppose 0 = -g - 6*m + 8*m + 2, 5*m = 3*g - 4. What is the remainder when g*((-585)/10 + -5) is divided by 5?
2
Let q(l) = 24*l + 2. Suppose 42*i - 47*i - 4*w = -487, -5*i + 466 = -3*w. What is the remainder when i is divided by q(2)?
45
Let h = 509 - 282. Let f = h + -198. Calculate the remainder when 47 is divided by f.
18
Suppose 6 + 6 = 4*t, 4*b - 2*t = 166. Let k = 62 - 135. Let p = -64 - k. What is the remainder when b is divided by p?
7
Let y = -400 + 403. Suppose -y*m = 4*v - 5*v + 32, -2*v = 3*m - 37. What is the remainder when 252 is divided by v?
22
Let j = 291 - 286. Suppose -5*o + 664 = 4*l - 721, j = o. Calculate the remainder when l is divided by 88.
76
Let t = -446 + 446. Suppose t = -3*p - 338 + 482. Calculate the remainder when p is divided by 10.
8
Let d = 110 + -78. Suppose -d = 5*j - 132. Suppose -j = -3*m - 5*k, 25 = 2*m - 0*m + k. Calculate the remainder when 43 is divided by m.
13
Let s(y) = 73 - 3*y + 67 - 150. Calculate the remainder when s(-6) is divided by 5/(10/12) - 2.
0
Let i be ((-4)/(-10))/(-1) + 2/5. Suppose i*g - 296 = -8*g. Suppose -3*d = -4*k + 145, k - d - g = -1. Calculate the remainder when k is divided by 13.
11
Let i(d) be the first derivative of -8*d**2 - 8*d - 23 + 11/3*d**3 - 1/4*d**4. Calculate the remainder when 26 is divided by i(9).
6
Let x(m) = -2*m**3 + 16*m**2 - 24*m - 12. Let p = -97 + 102. What is the remainder when 83 is divided by x(p)?
11
Suppose 6*q - 5*q = -i - 113, 2*i - 334 = 3*q. Let a = q + 134. Calculate the remainder when a is divided by 6.
4
What is the remainder when 4769 is divided by 60/(-48) - 12045/(-132)?
89
Let t be (212/6)/(12/72). Let q be t*27/42*35/30. Suppose -4*z = -4*x + 176 + 36, 3*x - 5*z = q. What is the remainder when x is divided by 12?
5
Suppose -8218 = -140*p + 3822. Suppose 10*s - 24 = 126. What is the remainder when p is divided by s?
11
Let m(c) = 7*c**2 + 17*c + 95. What is the remainder when 504 is divided by m(-6)?
14
Let n = -6354 + 6433. Let z(a) = a**2 - a. Let w be z(1). Calculate the remainder when n is divided by 3 + (35 - w) - -3.
38
Suppose 4*x - 8832 = -4*k, -3*x = -54*k + 38*k - 6624. What is the remainder when x is divided by 313?
17
Suppose 0 = 2*v - 5*w - 0*w - 17, -v + 5*w = -16. Suppose -43 = -5*d + 67. What is the remainder when v/(-4)*-149 + 1/(-4) is divided by d?
15
Suppose 0 = 9*o - 12 + 12. Suppose 2*v - 4*v - 3*s - 4 = 0, o = 2*v - 4*s - 24. Calculate the remainder when 8 is divided by v.
0
Suppose 57*s = 109*s - 14456. Calculate the remainder when s is divided by 47.
43
Suppose 0 = 22*h - 19*h + 243. Let n = h + 140. Let t(v) = -v**3 - 13*v**2 - 39*v - 17. What is the remainder when n is divided by t(-9)?
9
Let k = -23690 + 23722. Calculate the remainder when 3390 is divided by k.
30
Suppose 9*t = 1013 + 697. What is the remainder when t is divided by 3*(20/15 + 4)?
14
Let n be ((-4)/(-7))/((-12)/(-126)). Suppose -13*c + 98 = -n*c. Calculate the remainder when c is divided by 8.
6
Let k = -705 + 716. Let y(u) = -174*u**3 + 2*u**2 - 3*u - 4. Calculate the remainder when y(-1) is divided by k.
10
Let z(r) = -r + 36. Suppose -2*b - b + 87 = 0. Let o = b - 32. Calculate the remainder when 77 is divided by z(o).
38
Let r(p) = 219*p + 2461. Calculate the remainder when 827 is divided by r(-10).
14
Suppose 20 = 14*i - 4*i. Suppose -i*n - 2405 = -7*n. Calculate the remainder when n is divided by 22.
19
Let b = 4992 + -3220. Suppose -1000 - b = -4*o. What is the remainder when o is divided by 12?
9
Suppose 3*v - 62 - 52 = 0. Let h(s) = -7*s**3 - 2*s**2 - s. Let z be h(-1). Suppose -z*w + 148 = -4*w. Calculate the remainder when w is divided by v.
36
What is the remainder when (-543)/(-362)*((-6)/27 + (-38980)/(-45)) is divided by 13?
12
Suppose -3*v = -2*w - 2751 + 6669, -3*w + 3*v + 5865 = 0. Calculate the remainder when w is divided by 93.
87
Let w(a) = 23*a - 1. Let v be 24/30 - 1/(-5). What is the remainder when (-2096)/(-14) + (-22)/(-77) + 2 is divided by w(v)?
20
Suppose -16*w + 21*w + 37*w - 424074 = 0. Calculate the remainder when w is divided by 9.
8
Suppose -2*r + 4*n = -186, 3*n = 4*r - 558 + 196. Calculate the remainder when r is divided by 156/6 + (-2)/1.
17
Let a be ((-6)/9)/(-2*1/12). Suppose j + 5*g + 5 = 2, -2*g = a*j - 6. Suppose -6*d + 16 = -j. Calculate the remainder when 5 is divided by d.
2
Suppose -2*j - 3*j = 710. Let r = j + 246. Suppose 2*h - r = -2*b + h, b = -3*h + 62. What is the remainder when b is divided by 27?
23
Suppose 56*c - 59*c = -162. Suppose -2*j - 5 + 41 = 0. Calculate the remainder when j is divided by c/9 - (2 + -3).
4
Suppose -f = 2*m + 38, 2*f - 2*m = -0*m - 58. Let l = 6 - f. Let s(q) = -3*q - 2. Calculate the remainder when l is divided by s(-5).
12
Let o = 160 + -117. Suppose o - 1 = 3*g. Calculate the remainder when 21 is divided by g.
7
Let n = -818 - -948. What is the remainder when 3247 is divided by n?
127
Suppose -3*b = -43 + 10. Suppose 2*o - 2*f = 28, 5*f - 1 = -o - b. What is the remainder when 29 is divided by o?
9
Let r = -42 - -34. Let z(j) = j**2 + 3*j - 13. Calculate the remainder when z(r) is divided by 21.
6
Let s(c) = 15*c + 3. Let l(d) = 3*d**2 + 52*d + 21. Let b be l(-17). What is the remainder when 70 is divided by s(b)?
7
Suppose 0*z = 4*p - 3*z - 81, 0 = 3*p + 3*z - 45. Let x = 89619 + -89586. Calculate the remainder when x is divided by p.
15
Let j(d) = -d + 23. Let s(m) = -m + 22. Let u(o) = -4*j(o) + 5*s(o). Let b be (14/4)/(11/22 + -2 + 2). What is the remainder when 52 is divided by u(b)?
8
Let b(i) = 5*i**3 - 6*i**2 - 20*i + 74. Let w(m) = m**2 - m + 4. Calculate the remainder when b(3) is divided by w(-3).
15
Let f = 2036 + -2073. Let a = -86 - -246. Let o = f + a. What is the remainder when o is divided by 31?
30
Let f = 62 + 39. Suppose -5*y + 100 = 5*k, -33 = -2*k + y + 1. What is the remainder when f is divided by k?
11
Let j(z) = 5*z**2 + 8*z - 12. Suppose -n - 32*q + 29*q = -15, 0 = -2*n + 4*q + 100. What is the remainder when j(11) is divided by n?
33
Suppose 67 = 3*a + 43. Calculate the remainder when (-1)/2 + (-2403)/(-18) is divided by a.
5
Let a = 8515 - 8487. What is the remainder when 299 is divided by a?
19
Suppose 0 = 4*y - 69 + 41, 2*y = 4*o - 82. Suppose -2*q + 221 - 35 = 0. Calculate the remainder when q is divided by o.
21
Let p be (-22)/(-5) + (-6)/15. Suppose p*g = 14 + 34. Calculate the remainder when g is divided by -9*((-6)/(-18) - 2/3).
0
Suppose -9*w + 3*w = 1896. Let o = w + 324. What is the remainder when 23 is divided by o?
7
Suppose -192 = -7*u + 4*u. Let l(i) = i**3 - 38*i**2 + 22. What is the remainder when u is divided by l(38)?
20
What is the remainder when ((-760)/12)/(91 + -87 - 218/54) is divided by 191?
182
Let j = 25042 - 24781. What is the remainder when 510 is divided by j?
249
Let i be 43 - 49 - 395/(-1). Let l = i + -320. What is the remainder when l is divided by 26?
17
Let v = -5263 + 5749. Calculate the remainder when 496 is divided by v.
10
What is the remainder when (-9 + -9)*(-6 + 2968/(-21)) is divided by 33?
12
Let c be 210/(-21) + ((-4)/2)/(-1). Let y(k) = -3*k - 16. Suppose 2*i - 47 - 43 = 0. What is the remainder when i is divided by y(c)?
5
Let s(l) = 3*l**3 + 2*l**2 - 5*l + 20. Let h be s(-4). What is the remainder when 333 is divided by -10*-21*(-8)/h?
11
Let o = 25392 - 24632. Calculate the remainder when o is divided by 252.
4
Let f(k) = 93*k + 1036. Calculate the remainder when f(11) is divided by 5.
4
Suppose 48 = 3*r - 2*r. Let t(v) = -v**3 + 399*v**2 - 386*v - 4105. What is the remainder when t(398) is divided by r?
47
Let a = 11469 - 10945. Calculate the remainder when a is divided by 52.
4
Let w = 4 - -4. Let r(n) = -n**2 + 11*n - 19. Let s be r(w). Suppose s*i = 4*i + 31. Calculate the remainder when 60 is divided by i.
29
Suppose -21*d - 13*d = -14654. Calculate the remainder when d is divided by 56.
39
Let c(k) = k**3 + 8*k**2 - 25*k + 4. Calculate the remainder when c(-10) is divided by 20.
14
Let k(t) = 2*t*